{"id":1755,"date":"2020-08-28T15:13:53","date_gmt":"2020-08-28T19:13:53","guid":{"rendered":"http:\/\/www.pedrogiraudo.com\/web\/?post_type=product&#038;p=1755"},"modified":"2025-02-01T13:49:38","modified_gmt":"2025-02-01T18:49:38","slug":"voragine-quartet","status":"publish","type":"product","link":"https:\/\/www.pedrogiraudo.com\/web\/product\/voragine-quartet\/","title":{"rendered":"&#8216;Vor\u00e1gine&#8217; for violin, bandone\u00f3n, piano &#038; bass"},"content":{"rendered":"<p>Vor\u00e1gine (Pedro Giraudo)<\/p>\n<p>Instrumentation: violin, bandone\u00f3n, piano &amp; bass<\/p>\n<p>Once payment is processed you&#8217;ll get an email confirming your purchase and providing the links to download the PDF files. Please check your Spam folder if you don&#8217;t receive the confirmation email after a few minutes.<\/p>\n","protected":false},"excerpt":{"rendered":"<p>Vor\u00e1gine (Pedro Giraudo)<\/p>\n<p>Instrumentation: violin, bandone\u00f3n, piano &amp; bass<\/p>\n<p><a href=\"https:\/\/www.youtube.com\/watch?v=A6sBMe3j0n4\"><img loading=\"lazy\" decoding=\"async\" class=\"alignleft size-full wp-image-216\" src=\"https:\/\/www.pedrogiraudo.com\/web\/wp-content\/uploads\/2015\/04\/youtube-icon.png\" alt=\"\" width=\"40\" height=\"16\" \/><\/a><\/p>\n","protected":false},"featured_media":985,"comment_status":"open","ping_status":"closed","template":"","meta":[],"product_brand":[],"product_cat":[23],"product_tag":[],"class_list":{"0":"post-1755","1":"product","2":"type-product","3":"status-publish","4":"has-post-thumbnail","6":"product_cat-original-compositions-for-quartet","8":"first","9":"instock","10":"downloadable","11":"virtual","12":"purchasable","13":"product-type-simple"},"_links":{"self":[{"href":"https:\/\/www.pedrogiraudo.com\/web\/wp-json\/wp\/v2\/product\/1755","targetHints":{"allow":["GET"]}}],"collection":[{"href":"https:\/\/www.pedrogiraudo.com\/web\/wp-json\/wp\/v2\/product"}],"about":[{"href":"https:\/\/www.pedrogiraudo.com\/web\/wp-json\/wp\/v2\/types\/product"}],"replies":[{"embeddable":true,"href":"https:\/\/www.pedrogiraudo.com\/web\/wp-json\/wp\/v2\/comments?post=1755"}],"wp:featuredmedia":[{"embeddable":true,"href":"https:\/\/www.pedrogiraudo.com\/web\/wp-json\/wp\/v2\/media\/985"}],"wp:attachment":[{"href":"https:\/\/www.pedrogiraudo.com\/web\/wp-json\/wp\/v2\/media?parent=1755"}],"wp:term":[{"taxonomy":"product_brand","embeddable":true,"href":"https:\/\/www.pedrogiraudo.com\/web\/wp-json\/wp\/v2\/product_brand?post=1755"},{"taxonomy":"product_cat","embeddable":true,"href":"https:\/\/www.pedrogiraudo.com\/web\/wp-json\/wp\/v2\/product_cat?post=1755"},{"taxonomy":"product_tag","embeddable":true,"href":"https:\/\/www.pedrogiraudo.com\/web\/wp-json\/wp\/v2\/product_tag?post=1755"}],"curies":[{"name":"wp","href":"https:\/\/api.w.org\/{rel}","templated":true}]}}